 is the remainder when 8431651 is divided by 11?
8
What is the remainder when 18088083 is divided by 146?
143
What is the remainder when 14068 is divided by 14032?
36
Calculate the remainder when 993940 is divided by 10687.
49
Calculate the remainder when 7719 is divided by 2177.
1188
What is the remainder when 51491 is divided by 10264?
171
What is the remainder when 265057598 is divided by 20389046?
0
Calculate the remainder when 13831 is divided by 1814.
1133
Calculate the remainder when 16212149 is divided by 68.
65
What is the remainder when 202734 is divided by 5197?
51
What is the remainder when 1035361 is divided by 272?
129
What is the remainder when 967611 is divided by 464?
171
What is the remainder when 41097 is divided by 4106?
37
Calculate the remainder when 2828747 is divided by 631.
605
What is the remainder when 49496 is divided by 508?
220
Calculate the remainder when 1557034 is divided by 1627.
1622
What is the remainder when 758313 is divided by 98?
87
Calculate the remainder when 421170 is divided by 3215.
5
Calculate the remainder when 6296066 is divided by 29.
21
Calculate the remainder when 370199 is divided by 52868.
123
Calculate the remainder when 2756705 is divided by 21706.
43
What is the remainder when 9785294 is divided by 23?
13
Calculate the remainder when 312992 is divided by 357.
260
What is the remainder when 2847203 is divided by 21734?
49
What is the remainder when 37301387 is divided by 6216896?
11
Calculate the remainder when 87394579 is divided by 583.
547
What is the remainder when 7274239 is divided by 67?
49
What is the remainder when 128934528 is divided by 126?
114
Calculate the remainder when 20229299 is divided by 350.
349
What is the remainder when 263960 is divided by 437?
12
What is the remainder when 10688788 is divided by 3389?
3271
What is the remainder when 6198849 is divided by 6?
3
Calculate the remainder when 9731719 is divided by 1115.
1114
What is the remainder when 68858639 is divided by 144?
143
Calculate the remainder when 4030183 is divided by 87.
82
What is the remainder when 82402 is divided by 16461?
97
Calculate the remainder when 100808880 is divided by 19.
10
Calculate the remainder when 255417515 is divided by 2034.
2033
Calculate the remainder when 37738 is divided by 989.
156
What is the remainder when 3738055 is divided by 9659?
22
Calculate the remainder when 830246 is divided by 3791.
17
What is the remainder when 45787044 is divided by 7631174?
0
What is the remainder when 12653 is divided by 969?
56
Calculate the remainder when 79786464 is divided by 505.
504
What is the remainder when 1607443 is divided by 525?
418
What is the remainder when 1300218 is divided by 38241?
24
What is the remainder when 739660 is divided by 150?
10
What is the remainder when 2432913 is divided by 1000?
913
Calculate the remainder when 70743 is divided by 23510.
213
What is the remainder when 11329836 is divided by 36905?
1
Calculate the remainder when 9245392 is divided by 1599.
1573
Calculate the remainder when 176039 is divided by 6632.
3607
What is the remainder when 18452409 is divided by 1240?
1209
What is the remainder when 6670306 is divided by 9570?
16
Calculate the remainder when 3770730 is divided by 4.
2
What is the remainder when 37830 is divided by 2787?
1599
Calculate the remainder when 4220265 is divided by 19183.
5
What is the remainder when 95491 is divided by 749?
368
Calculate the remainder when 10506406 is divided by 43059.
10
Calculate the remainder when 150309 is divided by 3614.
2135
What is the remainder when 11698295 is divided by 49569?
11
Calculate the remainder when 979652 is divided by 31601.
21
What is the remainder when 5704501 is divided by 3489?
3475
Calculate the remainder when 230630 is divided by 1591.
1526
What is the remainder when 20470198 is divided by 327?
325
What is the remainder when 34924 is divided by 17034?
856
Calculate the remainder when 27205 is divided by 27189.
16
What is the remainder when 3738 is divided by 1219?
81
Calculate the remainder when 11860006 is divided by 5929970.
66
Calculate the remainder when 1193213 is divided by 1192986.
227
What is the remainder when 1586686 is divided by 192?
190
Calculate the remainder when 531370245 is divided by 5515.
5510
What is the remainder when 126793 is divided by 42234?
91
What is the remainder when 893228 is divided by 710?
48
Calculate the remainder when 6222821 is divided by 130.
111
Calculate the remainder when 211863345 is divided by 9.
6
Calculate the remainder when 171208 is divided by 4639.
4204
What is the remainder when 1100904 is divided by 157271?
7
What is the remainder when 38163144 is divided by 439?
435
What is the remainder when 7160511 is divided by 3580240?
31
What is the remainder when 301752299 is divided by 3804?
3803
What is the remainder when 3721109 is divided by 152?
149
Calculate the remainder when 600414 is divided by 4962.
12
Calculate the remainder when 1805736 is divided by 61.
14
What is the remainder when 2895863 is divided by 375?
113
Calculate the remainder when 963220 is divided by 107008.
148
Calculate the remainder when 6327224 is divided by 305.
304
What is the remainder when 3808990 is divided by 66?
64
What is the remainder when 21692458 is divided by 17?
16
What is the remainder when 5779125 is divided by 62?
43
What is the remainder when 637754215 is divided by 5903?
5901
What is the remainder when 381024002 is divided by 22413176?
10
Calculate the remainder when 85623804 is divided by 23844.
0
What is the remainder when 6786574 is divided by 11601?
11590
Calculate the remainder when 22392 is divided by 6841.
1869
What is the remainder when 21231687 is divided by 3736?
3735
What is the remainder when 62155127 is divided by 1553878?
7
Calculate the remainder when 5943410 is divided by 30.
20
Calculate the remainder when 27195823 is divided by 4256.
4239
Calculate the remainder when 2187440 is divided by 78.
8
What is the remainder when 74246665 is divided by 24748884?
13
What is the remainder when 8312591 is divided by 1002?
1001
What is the remainder when 25931806 is divided by 14?
12
Calculate the remainder when 429122 is divided by 142.
140
Calculate the remainder when 15142 is divided by 7188.
766
Calculate the remainder when 3056470 is divided by 427.
4
Calculate the remainder when 3384289 is divided by 3235.
479
What is the remainder when 5313063 is divided by 142?
133
Calculate the remainder when 47650157 is divided by 2721.
5
Calculate the remainder when 54419 is divided by 141.
134
Calculate the remainder when 158073 is divided by 156156.
1917
Calculate the remainder when 1007114 is divided by 527.
17
Calculate the remainder when 185971 is divided by 20654.
85
What is the remainder when 242363 is divided by 144?
11
What is the remainder when 46421 is divided by 3740?
1541
What is the remainder when 175195 is divided by 12468?
643
What is the remainder when 122078676 is divided by 40692892?
0
Calculate the remainder when 28074144 is divided by 23.
22
What is the remainder when 8156192 is divided by 15899?
5
What is the remainder when 81083 is divided by 2545?
2188
Calculate the remainder when 4950890 is divided by 1650294.
8
Calculate the remainder when 425870 is divided by 999.
296
Calculate the remainder when 2297037 is divided by 1398.
123
What is the remainder when 394494 is divided by 98554?
278
What is the remainder when 1258096 is divided by 6137?
11
What is the remainder when 131141 is divided by 8139?
917
What is the remainder when 9460382 is divided by 361?
16
Calculate the remainder when 96072 is divided by 47660.
752
What is the remainder when 8959868 is divided by 13?
8
What is the remainder when 210791988 is divided by 70263992?
12
What is the remainder when 336991989 is divided by 12?
9
Calculate the remainder when 7728521 is divided by 26.
21
Calculate the remainder when 9678006 is divided by 1782.
1746
What is the remainder when 269028 is divided by 758?
696
Calculate the remainder when 1328257 is divided by 629.
438
What is the remainder when 10536303 is divided by 3070?
63
Calculate the remainder when 3097365 is divided by 4870.
45
What is the remainder when 277901 is divided by 34736?
13
Calculate the remainder whe